{"id":18,"date":"2017-02-07T21:17:47","date_gmt":"2017-02-07T23:17:47","guid":{"rendered":"http:\/\/www.ruscher.com.br\/site\/?page_id=18"},"modified":"2019-09-06T17:24:44","modified_gmt":"2019-09-06T20:24:44","slug":"investimentos","status":"publish","type":"page","link":"https:\/\/www.ruscher.com.br\/site\/investimentos\/","title":{"rendered":"Investimentos"},"content":{"rendered":"<p>Em nosso portf\u00f3lio de investimentos dispomos de regi\u00f5es para minera\u00e7\u00e3o, \u00e1reas com voca\u00e7\u00e3o portu\u00e1ria em especial ZPE&#8217;s (Zona de Processamento e Exporta\u00e7\u00e3o), Shoppings, Resorts, Cidade Inteligente, Hot\u00e9is, DataCenters e Proje\u00e7\u00f5es.<br \/>\n<a href=\"http:\/\/www.ruscher.com.br\/site\/wp-content\/uploads\/2019\/09\/WhatsApp-Image-2019-07-31-at-16.54.35.jpeg\"><img loading=\"lazy\" decoding=\"async\" class=\"size-full wp-image-240 aligncenter\" src=\"http:\/\/www.ruscher.com.br\/site\/wp-content\/uploads\/2019\/09\/WhatsApp-Image-2019-07-31-at-16.54.35.jpeg\" alt=\"\" width=\"720\" height=\"540\" srcset=\"https:\/\/www.ruscher.com.br\/site\/wp-content\/uploads\/2019\/09\/WhatsApp-Image-2019-07-31-at-16.54.35.jpeg 720w, https:\/\/www.ruscher.com.br\/site\/wp-content\/uploads\/2019\/09\/WhatsApp-Image-2019-07-31-at-16.54.35-300x225.jpeg 300w, https:\/\/www.ruscher.com.br\/site\/wp-content\/uploads\/2019\/09\/WhatsApp-Image-2019-07-31-at-16.54.35-150x113.jpeg 150w\" sizes=\"auto, (max-width: 720px) 100vw, 720px\" \/><\/a><br \/>\nOportunidades grandiosas para ind\u00fastria 4.0.<\/p>\n<p>Agende conosco uma apresenta\u00e7\u00e3o e conhe\u00e7a nossos projetos.<\/p>\n","protected":false},"excerpt":{"rendered":"<p>Em nosso portf\u00f3lio de investimentos dispomos de regi\u00f5es para minera\u00e7\u00e3o, \u00e1reas com voca\u00e7\u00e3o portu\u00e1ria em especial ZPE&#8217;s (Zona de Processamento e Exporta\u00e7\u00e3o), Shoppings, Resorts, Cidade Inteligente, Hot\u00e9is, DataCenters e Proje\u00e7\u00f5es. Oportunidades grandiosas para ind\u00fastria 4.0. Agende conosco uma apresenta\u00e7\u00e3o e conhe\u00e7a nossos projetos.<\/p>\n","protected":false},"author":1,"featured_media":0,"parent":0,"menu_order":2,"comment_status":"closed","ping_status":"closed","template":"","meta":{"footnotes":""},"class_list":["post-18","page","type-page","status-publish","hentry"],"_links":{"self":[{"href":"https:\/\/www.ruscher.com.br\/site\/wp-json\/wp\/v2\/pages\/18","targetHints":{"allow":["GET"]}}],"collection":[{"href":"https:\/\/www.ruscher.com.br\/site\/wp-json\/wp\/v2\/pages"}],"about":[{"href":"https:\/\/www.ruscher.com.br\/site\/wp-json\/wp\/v2\/types\/page"}],"author":[{"embeddable":true,"href":"https:\/\/www.ruscher.com.br\/site\/wp-json\/wp\/v2\/users\/1"}],"replies":[{"embeddable":true,"href":"https:\/\/www.ruscher.com.br\/site\/wp-json\/wp\/v2\/comments?post=18"}],"version-history":[{"count":6,"href":"https:\/\/www.ruscher.com.br\/site\/wp-json\/wp\/v2\/pages\/18\/revisions"}],"predecessor-version":[{"id":316,"href":"https:\/\/www.ruscher.com.br\/site\/wp-json\/wp\/v2\/pages\/18\/revisions\/316"}],"wp:attachment":[{"href":"https:\/\/www.ruscher.com.br\/site\/wp-json\/wp\/v2\/media?parent=18"}],"curies":[{"name":"wp","href":"https:\/\/api.w.org\/{rel}","templated":true}]}}