{"id":20,"date":"2017-02-07T21:18:27","date_gmt":"2017-02-07T23:18:27","guid":{"rendered":"http:\/\/www.ruscher.com.br\/site\/?page_id=20"},"modified":"2019-09-06T13:08:41","modified_gmt":"2019-09-06T16:08:41","slug":"quem-somos","status":"publish","type":"page","link":"https:\/\/www.ruscher.com.br\/site\/quem-somos\/","title":{"rendered":"Quem Somos"},"content":{"rendered":"\n<p>\n\nCriar, desenvolver e aperfei\u00e7oar.\n\n<\/p>\n\n\n<h1>Ruscher<\/h1>\n<p>Foi criada em 2012 inicialmente para obter \u00e1reas de minera\u00e7\u00e3o, com minerais extremamente importante para cria\u00e7\u00e3o de novas tecnologias de ponta utilizando ni\u00f3bio, terras raras e grafeno.<\/p>\n<p>A Ruscher Investimentos &amp; Participa\u00e7\u00f5es \u00e9 gerenciada pela fam\u00edlia Ruscher em Bras\u00edlia.<\/p>\n<h1>Objetivo<\/h1>\n<blockquote>\n<p>Ser um portal de nego\u0301cios, investimentos e participa\u00e7\u00f5es de alta tecnologia, como objeto projetos nos seguimentos nano-tecnologia, desenvolvimento com materiais como Ni\u00f3bio, Grafeno e Terras Raras, Mercado imobilia\u0301rio, Shoppings, Portos, Minerac\u0327a\u0303o, Hotelaria, PCH \u0301s, ZPEs, entre outros.<\/p>\n<p>Interligando e criando uma rede entre os investidores de Tecnologia\u00a0disruptiva\u00a0e com grandes oportunidades de investimento para o mundo e principalmente para os Brasileiros.<\/p>\n<\/blockquote>\n\n\n<p><\/p>\n","protected":false},"excerpt":{"rendered":"<p>Criar, desenvolver e aperfei\u00e7oar. Ruscher Foi criada em 2012 inicialmente para obter \u00e1reas de minera\u00e7\u00e3o, com minerais extremamente importante para cria\u00e7\u00e3o de novas tecnologias de ponta utilizando ni\u00f3bio, terras raras e grafeno. A Ruscher Investimentos &amp; Participa\u00e7\u00f5es \u00e9 gerenciada pela fam\u00edlia Ruscher em Bras\u00edlia. Objetivo Ser um portal de nego\u0301cios, investimentos e participa\u00e7\u00f5es de alta&#8230;<\/p>\n","protected":false},"author":1,"featured_media":0,"parent":0,"menu_order":1,"comment_status":"closed","ping_status":"closed","template":"","meta":{"footnotes":""},"class_list":["post-20","page","type-page","status-publish","hentry"],"_links":{"self":[{"href":"https:\/\/www.ruscher.com.br\/site\/wp-json\/wp\/v2\/pages\/20","targetHints":{"allow":["GET"]}}],"collection":[{"href":"https:\/\/www.ruscher.com.br\/site\/wp-json\/wp\/v2\/pages"}],"about":[{"href":"https:\/\/www.ruscher.com.br\/site\/wp-json\/wp\/v2\/types\/page"}],"author":[{"embeddable":true,"href":"https:\/\/www.ruscher.com.br\/site\/wp-json\/wp\/v2\/users\/1"}],"replies":[{"embeddable":true,"href":"https:\/\/www.ruscher.com.br\/site\/wp-json\/wp\/v2\/comments?post=20"}],"version-history":[{"count":5,"href":"https:\/\/www.ruscher.com.br\/site\/wp-json\/wp\/v2\/pages\/20\/revisions"}],"predecessor-version":[{"id":293,"href":"https:\/\/www.ruscher.com.br\/site\/wp-json\/wp\/v2\/pages\/20\/revisions\/293"}],"wp:attachment":[{"href":"https:\/\/www.ruscher.com.br\/site\/wp-json\/wp\/v2\/media?parent=20"}],"curies":[{"name":"wp","href":"https:\/\/api.w.org\/{rel}","templated":true}]}}